{"id":5363,"date":"2016-02-27T23:09:13","date_gmt":"2016-02-27T23:09:13","guid":{"rendered":"http:\/\/www.fs2.rwth-aachen.de\/?page_id=1752"},"modified":"2024-10-20T00:38:17","modified_gmt":"2024-10-19T22:38:17","slug":"corporate-faq","status":"publish","type":"page","link":"https:\/\/fachschaft.arch.rwth-aachen.de\/?page_id=5363","title":{"rendered":"FAQ"},"content":{"rendered":"<p><div class=\"fusion-fullwidth fullwidth-box fusion-builder-row-1 fusion-flex-container has-pattern-background has-mask-background hundred-percent-fullwidth non-hundred-percent-height-scrolling\" style=\"--awb-border-radius-top-left:0px;--awb-border-radius-top-right:0px;--awb-border-radius-bottom-right:0px;--awb-border-radius-bottom-left:0px;--awb-overflow:visible;--awb-background-color:var(--awb-custom10);--awb-flex-wrap:wrap;\" ><div class=\"fusion-builder-row fusion-row fusion-flex-align-items-flex-start fusion-flex-content-wrap\" style=\"width:calc( 100% + 0px ) !important;max-width:calc( 100% + 0px ) !important;margin-left: calc(-0px \/ 2 );margin-right: calc(-0px \/ 2 );\"><div class=\"fusion-layout-column fusion_builder_column fusion-builder-column-0 fusion_builder_column_1_1 1_1 fusion-flex-column fusion-flex-align-self-flex-start fusion-column-no-min-height\" style=\"--awb-bg-blend:overlay;--awb-bg-size:cover;--awb-width-large:100%;--awb-margin-top-large:0px;--awb-spacing-right-large:0px;--awb-margin-bottom-large:0px;--awb-spacing-left-large:0px;--awb-width-medium:100%;--awb-spacing-right-medium:0px;--awb-spacing-left-medium:0px;--awb-width-small:100%;--awb-spacing-right-small:0px;--awb-spacing-left-small:0px;\"><div class=\"fusion-column-wrapper fusion-flex-justify-content-flex-start fusion-content-layout-column\"><div class=\"fusion-title title fusion-title-1 fusion-sep-none fusion-title-center fusion-title-text fusion-title-size-one\" style=\"--awb-text-color:#ffffff;--awb-margin-top:20px;--awb-margin-bottom:20px;--awb-font-size:50px;\"><h1 class=\"fusion-title-heading title-heading-center\" style=\"font-family:&quot;Abel&quot;;font-style:normal;font-weight:400;margin:0;font-size:1em;\"><strong>FAQ<\/strong><\/h1><\/div><\/div><\/div><\/div><\/div><div class=\"fusion-fullwidth fullwidth-box fusion-builder-row-2 fusion-flex-container hundred-percent-fullwidth non-hundred-percent-height-scrolling\" style=\"--awb-border-radius-top-left:0px;--awb-border-radius-top-right:0px;--awb-border-radius-bottom-right:0px;--awb-border-radius-bottom-left:0px;--awb-overflow:visible;--awb-flex-wrap:wrap;\" ><div class=\"fusion-builder-row fusion-row fusion-flex-align-items-flex-start fusion-flex-content-wrap\" style=\"width:calc( 100% + 0px ) !important;max-width:calc( 100% + 0px ) !important;margin-left: calc(-0px \/ 2 );margin-right: calc(-0px \/ 2 );\"><div class=\"fusion-layout-column fusion_builder_column fusion-builder-column-1 fusion_builder_column_1_1 1_1 fusion-flex-column fusion-flex-align-self-flex-start fusion-column-no-min-height\" style=\"--awb-bg-blend:overlay;--awb-bg-size:cover;--awb-width-large:100%;--awb-margin-top-large:0px;--awb-spacing-right-large:0px;--awb-margin-bottom-large:0px;--awb-spacing-left-large:0px;--awb-width-medium:100%;--awb-spacing-right-medium:0px;--awb-spacing-left-medium:0px;--awb-width-small:100%;--awb-spacing-right-small:0px;--awb-spacing-left-small:0px;\"><div class=\"fusion-column-wrapper fusion-flex-justify-content-flex-start fusion-content-layout-column\"><div class=\"fusion-separator fusion-full-width-sep\" style=\"align-self: center;margin-left: auto;margin-right: auto;width:100%;\"><\/div><\/div><\/div><\/div><\/div><div class=\"fusion-fullwidth fullwidth-box fusion-builder-row-3 fusion-flex-container hundred-percent-fullwidth non-hundred-percent-height-scrolling\" style=\"--awb-border-radius-top-left:0px;--awb-border-radius-top-right:0px;--awb-border-radius-bottom-right:0px;--awb-border-radius-bottom-left:0px;--awb-overflow:visible;--awb-flex-wrap:wrap;\" ><div class=\"fusion-builder-row fusion-row fusion-flex-align-items-flex-start fusion-flex-content-wrap\" style=\"width:calc( 100% + 0px ) !important;max-width:calc( 100% + 0px ) !important;margin-left: calc(-0px \/ 2 );margin-right: calc(-0px \/ 2 );\"><div class=\"fusion-layout-column fusion_builder_column fusion-builder-column-2 fusion_builder_column_1_1 1_1 fusion-flex-column fusion-flex-align-self-flex-start fusion-column-no-min-height\" style=\"--awb-bg-blend:overlay;--awb-bg-size:cover;--awb-width-large:100%;--awb-margin-top-large:0px;--awb-spacing-right-large:0px;--awb-margin-bottom-large:0px;--awb-spacing-left-large:0px;--awb-width-medium:100%;--awb-spacing-right-medium:0px;--awb-spacing-left-medium:0px;--awb-width-small:100%;--awb-spacing-right-small:0px;--awb-spacing-left-small:0px;\"><div class=\"fusion-column-wrapper fusion-flex-justify-content-flex-start fusion-content-layout-column\"><style type=\"text\/css\">.fusion-faqs-wrapper #accordian-1 .fusion-panel { border-color:#e2e2e2; }.fusion-faqs-wrapper #accordian-1 .fusion-panel:hover{ border-color: #e2e2e2; }.fusion-accordian #accordian-1 .panel-title a .fa-fusion-box:before{ font-size: 16px;width: 16px;}.fusion-accordian #accordian-1 .panel-title a .fa-fusion-box{ color: #ffffff;}.fusion-accordian  #accordian-1 .panel-title a{font-size:20px;font-family:\"Zilla Slab\";font-style:normal;font-weight:400;}.fusion-accordian  #accordian-1 .panel-title a:not(:hover){}.fusion-accordian  #accordian-1 .toggle-content{font-family:\"Open Sans\";font-style:normal;font-weight:400;}.fusion-accordian #accordian-1 .fa-fusion-box { background-color: #212934 !important;border-color: #212934 !important;}.fusion-accordian #accordian-1 .panel-title a:hover,.fusion-accordian #accordian-1 .panel-title a.hover { color: var(--awb-custom10);}.fusion-faq-shortcode .fusion-accordian #accordian-1 .fusion-toggle-boxed-mode:hover .panel-title a { color: var(--awb-custom10);}.fusion-accordian #accordian-1 .panel-title .active .fa-fusion-box,.fusion-accordian #accordian-1 .panel-title a:hover .fa-fusion-box,.fusion-accordian #accordian-1 .panel-title a.hover .fa-fusion-box { background-color: var(--awb-custom10)!important;border-color: var(--awb-custom10)!important;}<\/style><div class=\"fusion-faq-shortcode\" style=\"\"><ul role=\"menu\" class=\"fusion-filters clearfix\"><li role=\"presentation\" class=\"fusion-filter fusion-filter-all fusion-active\"><a role=\"menuitem\" data-filter=\"*\" href=\"#\">All<\/a><\/li><li role=\"presentation\" class=\"fusion-filter fusion-hidden\"><a role=\"menuitem\" data-filter=\".bachelor\" href=\"#\">Bachelor<\/a><\/li><li role=\"presentation\" class=\"fusion-filter fusion-hidden\"><a role=\"menuitem\" data-filter=\".vor-dem-studium\" href=\"#\">Vor dem Studium<\/a><\/li><li role=\"presentation\" class=\"fusion-filter fusion-hidden\"><a role=\"menuitem\" data-filter=\".werkstaetten\" href=\"#\">Werkst\u00e4tten<\/a><\/li><\/ul><div class=\"fusion-faqs-wrapper\"><div class=\"accordian fusion-accordian\"><div class=\"panel-group \" id=\"accordian-1\"><div class=\"fusion-panel panel-default fusion-faq-post fusion-faq-post-6179 vor-dem-studium \"><span class=\"entry-title rich-snippet-hidden\">Muss ich mich vor der Begr\u00fc\u00dfungswoche im Oktober schon f\u00fcr Kurse anmelden?<\/span><span class=\"vcard rich-snippet-hidden\"><span class=\"fn\"><a href=\"https:\/\/fachschaft.arch.rwth-aachen.de\/?author=1\" title=\"Beitr\u00e4ge von fachschaft\" rel=\"author\">fachschaft<\/a><\/span><\/span><span class=\"updated rich-snippet-hidden\">2019-11-20T12:05:17+01:00<\/span><div class=\"panel-heading\"><h4 id=\"faq_1-6179\" class=\"panel-title toggle\"><a data-toggle=\"collapse\" class=\"collapsed\" data-parent=\"#accordian-1\" data-target=\"#collapse-1-6179\" href=\"#collapse-1-6179\" aria-expanded=\"false\"><div class=\"fusion-toggle-icon-wrapper\"><div class=\"fusion-toggle-icon-wrapper-main\"><div class=\"fusion-toggle-icon-wrapper-sub\"><i class=\"fa-fusion-box active-icon awb-icon-minus\" aria-hidden=\"true\"><\/i><i class=\"fa-fusion-box inactive-icon awb-icon-plus\" aria-hidden=\"true\"><\/i><\/div><\/div><\/div><div class=\"fusion-toggle-heading\">Muss ich mich vor der Begr\u00fc\u00dfungswoche im Oktober schon f\u00fcr Kurse anmelden?<\/div><\/a><\/h4><\/div><div id=\"collapse-1-6179\" aria-labelledby=\"faq_1-6179\" class=\"panel-collapse collapse\"><div class=\"panel-body toggle-content post-content\"><p>Nein, bei der Anmeldung f\u00fcr alle Projekte und Vorlesungen in RWTHonline steht dir in der Ersti-Woche unser Team zur Seite.<\/p>\n<\/div><\/div><\/div><div class=\"fusion-panel panel-default fusion-faq-post fusion-faq-post-6177 bachelor vor-dem-studium \"><span class=\"entry-title rich-snippet-hidden\">Muss ich alle Projekte zuhause bearbeiten?<\/span><span class=\"vcard rich-snippet-hidden\"><span class=\"fn\"><a href=\"https:\/\/fachschaft.arch.rwth-aachen.de\/?author=1\" title=\"Beitr\u00e4ge von fachschaft\" rel=\"author\">fachschaft<\/a><\/span><\/span><span class=\"updated rich-snippet-hidden\">2019-11-20T11:55:32+01:00<\/span><div class=\"panel-heading\"><h4 id=\"faq_1-6177\" class=\"panel-title toggle\"><a data-toggle=\"collapse\" class=\"collapsed\" data-parent=\"#accordian-1\" data-target=\"#collapse-1-6177\" href=\"#collapse-1-6177\" aria-expanded=\"false\"><div class=\"fusion-toggle-icon-wrapper\"><div class=\"fusion-toggle-icon-wrapper-main\"><div class=\"fusion-toggle-icon-wrapper-sub\"><i class=\"fa-fusion-box active-icon awb-icon-minus\" aria-hidden=\"true\"><\/i><i class=\"fa-fusion-box inactive-icon awb-icon-plus\" aria-hidden=\"true\"><\/i><\/div><\/div><\/div><div class=\"fusion-toggle-heading\">Muss ich alle Projekte zuhause bearbeiten?<\/div><\/a><\/h4><\/div><div id=\"collapse-1-6177\" aria-labelledby=\"faq_1-6177\" class=\"panel-collapse collapse\"><div class=\"panel-body toggle-content post-content\"><p>Nein, im Bachelor bekommt jeder an unserer Fakult\u00e4t Studierende einen personalisierten Arbeitsplatz mit Schreibtisch, Lagerfl\u00e4che f\u00fcr Modelle und Zugang zu einer Teek\u00fcche.<\/p>\n<\/div><\/div><\/div><div class=\"fusion-panel panel-default fusion-faq-post fusion-faq-post-5851 werkstaetten \"><span class=\"entry-title rich-snippet-hidden\">Kostet das Laser, Messern oder Fr\u00e4sen im ManuLab etwas?<\/span><span class=\"vcard rich-snippet-hidden\"><span class=\"fn\"><a href=\"https:\/\/fachschaft.arch.rwth-aachen.de\/?author=1\" title=\"Beitr\u00e4ge von fachschaft\" rel=\"author\">fachschaft<\/a><\/span><\/span><span class=\"updated rich-snippet-hidden\">2019-11-12T22:27:18+01:00<\/span><div class=\"panel-heading\"><h4 id=\"faq_1-5851\" class=\"panel-title toggle\"><a data-toggle=\"collapse\" class=\"collapsed\" data-parent=\"#accordian-1\" data-target=\"#collapse-1-5851\" href=\"#collapse-1-5851\" aria-expanded=\"false\"><div class=\"fusion-toggle-icon-wrapper\"><div class=\"fusion-toggle-icon-wrapper-main\"><div class=\"fusion-toggle-icon-wrapper-sub\"><i class=\"fa-fusion-box active-icon awb-icon-minus\" aria-hidden=\"true\"><\/i><i class=\"fa-fusion-box inactive-icon awb-icon-plus\" aria-hidden=\"true\"><\/i><\/div><\/div><\/div><div class=\"fusion-toggle-heading\">Kostet das Laser, Messern oder Fr\u00e4sen im ManuLab etwas?<\/div><\/a><\/h4><\/div><div id=\"collapse-1-5851\" aria-labelledby=\"faq_1-5851\" class=\"panel-collapse collapse\"><div class=\"panel-body toggle-content post-content\"><p>Nein, genau so wie das Zuschneiden von Materialien und die Modellbauberatung sind diese Services f\u00fcr alle Studierenden unserer Fakult\u00e4t kostenlos.<\/p>\n<\/div><\/div><\/div><div class=\"fusion-panel panel-default fusion-faq-post fusion-faq-post-5849 bachelor werkstaetten \"><span class=\"entry-title rich-snippet-hidden\">Wie kann ich im ManuLab lasern, messern oder fr\u00e4sen?<\/span><span class=\"vcard rich-snippet-hidden\"><span class=\"fn\"><a href=\"https:\/\/fachschaft.arch.rwth-aachen.de\/?author=1\" title=\"Beitr\u00e4ge von fachschaft\" rel=\"author\">fachschaft<\/a><\/span><\/span><span class=\"updated rich-snippet-hidden\">2019-11-12T22:22:53+01:00<\/span><div class=\"panel-heading\"><h4 id=\"faq_1-5849\" class=\"panel-title toggle\"><a data-toggle=\"collapse\" class=\"collapsed\" data-parent=\"#accordian-1\" data-target=\"#collapse-1-5849\" href=\"#collapse-1-5849\" aria-expanded=\"false\"><div class=\"fusion-toggle-icon-wrapper\"><div class=\"fusion-toggle-icon-wrapper-main\"><div class=\"fusion-toggle-icon-wrapper-sub\"><i class=\"fa-fusion-box active-icon awb-icon-minus\" aria-hidden=\"true\"><\/i><i class=\"fa-fusion-box inactive-icon awb-icon-plus\" aria-hidden=\"true\"><\/i><\/div><\/div><\/div><div class=\"fusion-toggle-heading\">Wie kann ich im ManuLab lasern, messern oder fr\u00e4sen?<\/div><\/a><\/h4><\/div><div id=\"collapse-1-5849\" aria-labelledby=\"faq_1-5849\" class=\"panel-collapse collapse\"><div class=\"panel-body toggle-content post-content\"><p>Die Benutzung der CNC gesteuerten Maschinen im ManuLab (Eurolaser, Multicam) sind ab dem dritten Semester nutzbar. F\u00fcr die Maschinen gibt es Vorlagedateien sowie Anleitungen, welche beschreiben wie ihr eure Zeichnungen erstellen k\u00f6nnt und was mit den Maschinen m\u00f6glich ist. Falls nach dem Lesen der Anleitungen im ManuLab immer noch Dinge unklar sind steht euch das Werkstatt-Team zur Seite.<\/p>\n<\/div><\/div><\/div><div class=\"fusion-panel panel-default fusion-faq-post fusion-faq-post-5845 vor-dem-studium \"><span class=\"entry-title rich-snippet-hidden\">Ich habe geh\u00f6rt, die Studiennebenkosten sollen sehr hoch sein?<\/span><span class=\"vcard rich-snippet-hidden\"><span class=\"fn\"><a href=\"https:\/\/fachschaft.arch.rwth-aachen.de\/?author=1\" title=\"Beitr\u00e4ge von fachschaft\" rel=\"author\">fachschaft<\/a><\/span><\/span><span class=\"updated rich-snippet-hidden\">2019-11-12T22:08:45+01:00<\/span><div class=\"panel-heading\"><h4 id=\"faq_1-5845\" class=\"panel-title toggle\"><a data-toggle=\"collapse\" class=\"collapsed\" data-parent=\"#accordian-1\" data-target=\"#collapse-1-5845\" href=\"#collapse-1-5845\" aria-expanded=\"false\"><div class=\"fusion-toggle-icon-wrapper\"><div class=\"fusion-toggle-icon-wrapper-main\"><div class=\"fusion-toggle-icon-wrapper-sub\"><i class=\"fa-fusion-box active-icon awb-icon-minus\" aria-hidden=\"true\"><\/i><i class=\"fa-fusion-box inactive-icon awb-icon-plus\" aria-hidden=\"true\"><\/i><\/div><\/div><\/div><div class=\"fusion-toggle-heading\">Ich habe geh\u00f6rt, die Studiennebenkosten sollen sehr hoch sein?<\/div><\/a><\/h4><\/div><div id=\"collapse-1-5845\" aria-labelledby=\"faq_1-5845\" class=\"panel-collapse collapse\"><div class=\"panel-body toggle-content post-content\"><p>Architektur ist kein g\u00fcnstiges Studienfach. Besonders der Modellbau und das Drucken gro\u00dfformatiger Pl\u00e4ne kann ganz sch\u00f6n ins Geld gehen. Wir haben diesem Thema eine extra Seite gewidmet. Unter Wohnen und Geld findet ihr alle wichtigen Informationen.<\/p>\n<p>Fragen k\u00f6nnt ihr direkt \u00fcber das <a href=\"http:\/\/www.fs2.rwth-aachen.de\/?page_id=5367\">Formular<\/a> oder per Mail an uns stellen.<\/p>\n<\/div><\/div><\/div><div class=\"fusion-panel panel-default fusion-faq-post fusion-faq-post-5843 vor-dem-studium \"><span class=\"entry-title rich-snippet-hidden\">Ich war nie gut in Mathematik, sollte ich besser nicht Architektur studieren?<\/span><span class=\"vcard rich-snippet-hidden\"><span class=\"fn\"><a href=\"https:\/\/fachschaft.arch.rwth-aachen.de\/?author=1\" title=\"Beitr\u00e4ge von fachschaft\" rel=\"author\">fachschaft<\/a><\/span><\/span><span class=\"updated rich-snippet-hidden\">2019-11-12T22:07:19+01:00<\/span><div class=\"panel-heading\"><h4 id=\"faq_1-5843\" class=\"panel-title toggle\"><a data-toggle=\"collapse\" class=\"collapsed\" data-parent=\"#accordian-1\" data-target=\"#collapse-1-5843\" href=\"#collapse-1-5843\" aria-expanded=\"false\"><div class=\"fusion-toggle-icon-wrapper\"><div class=\"fusion-toggle-icon-wrapper-main\"><div class=\"fusion-toggle-icon-wrapper-sub\"><i class=\"fa-fusion-box active-icon awb-icon-minus\" aria-hidden=\"true\"><\/i><i class=\"fa-fusion-box inactive-icon awb-icon-plus\" aria-hidden=\"true\"><\/i><\/div><\/div><\/div><div class=\"fusion-toggle-heading\">Ich war nie gut in Mathematik, sollte ich besser nicht Architektur studieren?<\/div><\/a><\/h4><\/div><div id=\"collapse-1-5843\" aria-labelledby=\"faq_1-5843\" class=\"panel-collapse collapse\"><div class=\"panel-body toggle-content post-content\"><p>Da k\u00f6nnen wir dich nur beruhigen. Im Architekturstudium reichen rudiment\u00e4rste Grundkentnisse der Mathematik. Die Grundrechenarten reichen meist aus. Generell ist es so, dass in den wenigsten Schulen gezielt auf ein Studium der Architektur oder Stadtplanung vorbereitet wird (anders als in Mathe, Physik, Deutsch etc.). Deswegen fangen alle am Anfang bei 0 an und lernen wirklich alles von Grund auf. Von Vorteil ist es allerdings, \u00fcber ein gutes r\u00e4umliches Vorstellungsverm\u00f6gen zu verf\u00fcgen, gerne kreativ zu arbeiten und sich gut organisieren zu k\u00f6nnen.<\/p>\n<\/div><\/div><\/div><div class=\"fusion-panel panel-default fusion-faq-post fusion-faq-post-5841 vor-dem-studium \"><span class=\"entry-title rich-snippet-hidden\">Kann ich mich nicht einfach bei den Bauingenieuren einschreiben und sp\u00e4ter wechseln?<\/span><span class=\"vcard rich-snippet-hidden\"><span class=\"fn\"><a href=\"https:\/\/fachschaft.arch.rwth-aachen.de\/?author=1\" title=\"Beitr\u00e4ge von fachschaft\" rel=\"author\">fachschaft<\/a><\/span><\/span><span class=\"updated rich-snippet-hidden\">2019-11-12T22:03:11+01:00<\/span><div class=\"panel-heading\"><h4 id=\"faq_1-5841\" class=\"panel-title toggle\"><a data-toggle=\"collapse\" class=\"collapsed\" data-parent=\"#accordian-1\" data-target=\"#collapse-1-5841\" href=\"#collapse-1-5841\" aria-expanded=\"false\"><div class=\"fusion-toggle-icon-wrapper\"><div class=\"fusion-toggle-icon-wrapper-main\"><div class=\"fusion-toggle-icon-wrapper-sub\"><i class=\"fa-fusion-box active-icon awb-icon-minus\" aria-hidden=\"true\"><\/i><i class=\"fa-fusion-box inactive-icon awb-icon-plus\" aria-hidden=\"true\"><\/i><\/div><\/div><\/div><div class=\"fusion-toggle-heading\">Kann ich mich nicht einfach bei den Bauingenieuren einschreiben und sp\u00e4ter wechseln?<\/div><\/a><\/h4><\/div><div id=\"collapse-1-5841\" aria-labelledby=\"faq_1-5841\" class=\"panel-collapse collapse\"><div class=\"panel-body toggle-content post-content\"><p>Nat\u00fcrlich kann man sich bei den Bauingenieuren einschreiben, nur hat dieser Studiengang nichts mit dem der Architektur zu tun. Das Grundstudium Bauingenieurwesen besch\u00e4ftigt sich haupts\u00e4chlich mit anderen Inhalten.<\/p>\n<\/div><\/div><\/div><div class=\"fusion-panel panel-default fusion-faq-post fusion-faq-post-5837 vor-dem-studium \"><span class=\"entry-title rich-snippet-hidden\">Brauche ich eine Mappe um mich zu bewerben?<\/span><span class=\"vcard rich-snippet-hidden\"><span class=\"fn\"><a href=\"https:\/\/fachschaft.arch.rwth-aachen.de\/?author=1\" title=\"Beitr\u00e4ge von fachschaft\" rel=\"author\">fachschaft<\/a><\/span><\/span><span class=\"updated rich-snippet-hidden\">2019-11-12T21:58:19+01:00<\/span><div class=\"panel-heading\"><h4 id=\"faq_1-5837\" class=\"panel-title toggle\"><a data-toggle=\"collapse\" class=\"collapsed\" data-parent=\"#accordian-1\" data-target=\"#collapse-1-5837\" href=\"#collapse-1-5837\" aria-expanded=\"false\"><div class=\"fusion-toggle-icon-wrapper\"><div class=\"fusion-toggle-icon-wrapper-main\"><div class=\"fusion-toggle-icon-wrapper-sub\"><i class=\"fa-fusion-box active-icon awb-icon-minus\" aria-hidden=\"true\"><\/i><i class=\"fa-fusion-box inactive-icon awb-icon-plus\" aria-hidden=\"true\"><\/i><\/div><\/div><\/div><div class=\"fusion-toggle-heading\">Brauche ich eine Mappe um mich zu bewerben?<\/div><\/a><\/h4><\/div><div id=\"collapse-1-5837\" aria-labelledby=\"faq_1-5837\" class=\"panel-collapse collapse\"><div class=\"panel-body toggle-content post-content\"><p>An einigen Universit\u00e4ten und Fachhochschulen werden Mappen mit der Bewerbung gefordert und\/oder es finden Aufnahmepr\u00fcfungen oder Gespr\u00e4che statt. Bei uns ist das zur Zeit nicht so, ihr bewerbt euch einfach mit eurem Abitur-Zeugnis.<\/p>\n<\/div><\/div><\/div><\/div><\/div><\/div><\/div><\/div><\/div><\/div><\/div><\/p>\n","protected":false},"excerpt":{"rendered":"","protected":false},"author":3,"featured_media":0,"parent":0,"menu_order":0,"comment_status":"closed","ping_status":"closed","template":"100-width.php","meta":{"footnotes":""},"class_list":["post-5363","page","type-page","status-publish","hentry"],"_links":{"self":[{"href":"https:\/\/fachschaft.arch.rwth-aachen.de\/index.php?rest_route=\/wp\/v2\/pages\/5363","targetHints":{"allow":["GET"]}}],"collection":[{"href":"https:\/\/fachschaft.arch.rwth-aachen.de\/index.php?rest_route=\/wp\/v2\/pages"}],"about":[{"href":"https:\/\/fachschaft.arch.rwth-aachen.de\/index.php?rest_route=\/wp\/v2\/types\/page"}],"author":[{"embeddable":true,"href":"https:\/\/fachschaft.arch.rwth-aachen.de\/index.php?rest_route=\/wp\/v2\/users\/3"}],"replies":[{"embeddable":true,"href":"https:\/\/fachschaft.arch.rwth-aachen.de\/index.php?rest_route=%2Fwp%2Fv2%2Fcomments&post=5363"}],"version-history":[{"count":5,"href":"https:\/\/fachschaft.arch.rwth-aachen.de\/index.php?rest_route=\/wp\/v2\/pages\/5363\/revisions"}],"predecessor-version":[{"id":7697,"href":"https:\/\/fachschaft.arch.rwth-aachen.de\/index.php?rest_route=\/wp\/v2\/pages\/5363\/revisions\/7697"}],"wp:attachment":[{"href":"https:\/\/fachschaft.arch.rwth-aachen.de\/index.php?rest_route=%2Fwp%2Fv2%2Fmedia&parent=5363"}],"curies":[{"name":"wp","href":"https:\/\/api.w.org\/{rel}","templated":true}]}}